 the units digit of 21032?
2
What is the hundreds digit of 8840?
8
What is the hundreds digit of 944?
9
What is the thousands digit of 12579?
2
What is the tens digit of 989?
8
What is the thousands digit of 41302?
1
What is the hundreds digit of 3126?
1
What is the units digit of 141?
1
What is the tens digit of 737?
3
What is the ten thousands digit of 172690?
7
What is the hundreds digit of 59763?
7
What is the units digit of 42914?
4
What is the tens digit of 3207?
0
What is the tens digit of 80?
8
What is the thousands digit of 38691?
8
What is the tens digit of 20112?
1
What is the tens digit of 23460?
6
What is the hundreds digit of 806?
8
What is the thousands digit of 22675?
2
What is the units digit of 50795?
5
What is the units digit of 1753?
3
What is the tens digit of 1085?
8
What is the units digit of 11791?
1
What is the tens digit of 274?
7
What is the tens digit of 32465?
6
What is the tens digit of 6116?
1
What is the units digit of 103213?
3
What is the units digit of 10?
0
What is the units digit of 728?
8
What is the ten thousands digit of 55984?
5
What is the tens digit of 324?
2
What is the hundreds digit of 55870?
8
What is the hundreds digit of 7765?
7
What is the hundreds digit of 45403?
4
What is the tens digit of 20?
2
What is the thousands digit of 5069?
5
What is the tens digit of 30744?
4
What is the units digit of 170434?
4
What is the tens digit of 5755?
5
What is the tens digit of 77?
7
What is the tens digit of 6757?
5
What is the thousands digit of 59582?
9
What is the thousands digit of 8561?
8
What is the ten thousands digit of 40980?
4
What is the tens digit of 452?
5
What is the thousands digit of 1293?
1
What is the thousands digit of 36765?
6
What is the hundreds digit of 341?
3
What is the tens digit of 53157?
5
What is the thousands digit of 1208?
1
What is the units digit of 634?
4
What is the thousands digit of 137871?
7
What is the hundreds digit of 36618?
6
What is the hundreds digit of 10072?
0
What is the ten thousands digit of 49939?
4
What is the thousands digit of 3197?
3
What is the tens digit of 2039?
3
What is the thousands digit of 1603?
1
What is the units digit of 5186?
6
What is the ten thousands digit of 31542?
3
What is the tens digit of 10655?
5
What is the thousands digit of 5676?
5
What is the thousands digit of 4841?
4
What is the tens digit of 5567?
6
What is the tens digit of 45?
4
What is the hundreds digit of 901?
9
What is the ten thousands digit of 27504?
2
What is the ten thousands digit of 16455?
1
What is the hundreds digit of 19310?
3
What is the hundreds digit of 3902?
9
What is the thousands digit of 1113?
1
What is the hundreds digit of 51365?
3
What is the units digit of 499?
9
What is the tens digit of 413?
1
What is the units digit of 3637?
7
What is the units digit of 4498?
8
What is the hundred thousands digit of 118701?
1
What is the hundreds digit of 1110?
1
What is the thousands digit of 64769?
4
What is the units digit of 2044?
4
What is the thousands digit of 67245?
7
What is the units digit of 759?
9
What is the units digit of 1129?
9
What is the units digit of 243?
3
What is the tens digit of 25515?
1
What is the units digit of 227?
7
What is the thousands digit of 7731?
7
What is the units digit of 3761?
1
What is the tens digit of 59?
5
What is the thousands digit of 13988?
3
What is the tens digit of 18909?
0
What is the hundreds digit of 174962?
9
What is the thousands digit of 1225?
1
What is the units digit of 72?
2
What is the tens digit of 1309?
0
What is the thousands digit of 1421?
1
What is the hundreds digit of 1481?
4
What is the hundreds digit of 780?
7
What is the units digit of 435?
5
What is the hundreds digit of 1334?
3
What is the tens digit of 174?
7
What is the thousands digit of 141512?
1
What is the hundreds digit of 77833?
8
What is the tens digit of 39912?
1
What is the ten thousands digit of 10679?
1
What is the thousands digit of 1255?
1
What is the thousands digit of 26397?
6
What is the hundreds digit of 6229?
2
What is the hundreds digit of 122386?
3
What is the units digit of 2136?
6
What is the tens digit of 802?
0
What is the ten thousands digit of 39849?
3
What is the tens digit of 6613?
1
What is the tens digit of 169307?
0
What is the tens digit of 1463?
6
What is the ten thousands digit of 17018?
1
What is the units digit of 33633?
3
What is the units digit of 22582?
2
What is the hundreds digit of 302?
3
What is the hundreds digit of 11695?
6
What is the ten thousands digit of 43076?
4
What is the thousands digit of 3350?
3
What is the thousands digit of 1404?
1
What is the units digit of 8897?
7
What is the ten thousands digit of 38985?
3
What is the tens digit of 24628?
2
What is the units digit of 705?
5
What is the hundreds digit of 499?
4
What is the tens digit of 1262?
6
What is the tens digit of 8546?
4
What is the hundreds digit of 11616?
6
What is the tens digit of 1587?
8
What is the hundreds digit of 1165?
1
What is the thousands digit of 2113?
2
What is the hundreds digit of 17978?
9
What is the units digit of 4?
4
What is the hundreds digit of 1947?
9
What is the units digit of 4832?
2
What is the tens digit of 2332?
3
What is the units digit of 390?
0
What is the hundreds digit of 166?
1
What is the tens digit of 2279?
7
What is the tens digit of 19961?
6
What is the hundreds digit of 1685?
6
What is the hundreds digit of 4731?
7
What is the units digit of 3595?
5
What is the units digit of 11863?
3
What is the tens digit of 9839?
3
What is the units digit of 2345?
5
What is the units digit of 9710?
0
What is the hundreds digit of 28691?
6
What is the thousands digit of 3737?
3
What is the hundreds digit of 845?
8
What is the tens digit of 7201?
0
What is the ten thousands digit of 26099?
2
What is the units digit of 378?
8
What is the tens digit of 1173?
7
What is the hundreds digit of 23755?
7
What is the tens digit of 486?
8
What is the thousands digit of 36282?
6
What is the units digit of 31?
1
What is the hundreds digit of 1478?
4
What is the tens digit of 9558?
5
What is the units digit of 5876?
6
What is the tens digit of 6909?
0
What is the ten thousands digit of 23114?
2
What is the units digit of 37?
7
What is the tens digit of 607?
0
What is the hundreds digit of 2242?
2
What is the tens digit of 830?
3
What is the thousands digit of 2895?
2
What is the thousands digit of 3446?
3
What is the units digit of 19646?
6
What is the tens digit of 604?
0
What is the tens digit of 395?
9
What is the units digit of 3671?
1
What is the units digit of 6901?
1
What is the hundreds digit of 10206?
2
What is the ten thousands digit of 25835?
2
What is the hundreds digit of 22466?
4
What is the tens digit of 13628?
2
What is the tens digit of 5378?
7
What is the units digit of 693?
3
What is the tens digit of 421?
2
What is the tens digit of 1975?
7
What is the units digit of 397?
7
What is the hundreds digit of 96556?
5
What is the hundreds digit of 119571?
5
What is the ten thousands digit of 18753?
1
What is the tens digit of 901?
0
What is the hundreds digit of 31090?
0
What is the ten thousands digit of 22097?
2
What is the thousands digit of 2370?
2
What is the hundreds digit of 499?
4
What is the units digit of 3819?
9
What is the tens digit of 62616?
1
What is the thousands digit of 2758?
2
What is the thousands digit of 3008?
3
What is the ten thousands digit of 55074?
5
What is the tens digit of 38337?
3
What is the units digit of 45119?
9
What is the tens digit of 27270?
7
What is the thousands digit of 47451?
7
What is the hundreds digit of 1209?
2
What is the units digit of 308?
8
What is the units digit of 114?
4
What is the thousands digit of 6607?
6
What is the tens digit of 4027?
2
What is the units digit of 30293?
3
What is the tens digit of 996?
9
What is the units digit of 47497?
7
What is the tens digit of 875?
7
What is the thousands digit of 2907?
2
What is the tens digit of 4510?
1
What is the thousands digit of 1469?
1
What is the tens digit of 26787?
8
What is the tens digit of 540?
4
What is the tens digit of 54805?
0
What is the ten thousands digit of 67085?
6
What is the hundreds digit of 3367?
3
What is the tens digit of 69386?
8
What is the ten thousands digit of 20026?
